{"id":247,"date":"2020-10-05T19:22:11","date_gmt":"2020-10-05T19:22:11","guid":{"rendered":"https:\/\/stockmann-shk.de\/?page_id=247"},"modified":"2022-10-13T18:00:24","modified_gmt":"2022-10-13T18:00:24","slug":"stellenanzeigen","status":"publish","type":"page","link":"https:\/\/stockmann-shk.de\/index.php\/stellenanzeigen\/","title":{"rendered":"Stellenanzeigen"},"content":{"rendered":"\t\t<div data-elementor-type=\"wp-page\" data-elementor-id=\"247\" class=\"elementor elementor-247\" data-elementor-settings=\"[]\">\n\t\t\t\t\t\t<div class=\"elementor-inner\">\n\t\t\t\t\t\t\t<div class=\"elementor-section-wrap\">\n\t\t\t\t\t\t\t<section class=\"elementor-section elementor-top-section elementor-element elementor-element-248b5481 elementor-section-stretched elementor-section-full_width elementor-section-height-min-height elementor-section-height-default elementor-section-items-middle\" data-id=\"248b5481\" data-element_type=\"section\" data-settings=\"{&quot;background_background&quot;:&quot;classic&quot;,&quot;stretch_section&quot;:&quot;section-stretched&quot;}\">\n\t\t\t\t\t\t\t<div class=\"elementor-background-overlay\"><\/div>\n\t\t\t\t\t\t\t<div class=\"elementor-container elementor-column-gap-default\">\n\t\t\t\t\t\t\t<div class=\"elementor-row\">\n\t\t\t\t\t<div class=\"elementor-column elementor-col-100 elementor-top-column elementor-element elementor-element-7f44523d\" data-id=\"7f44523d\" data-element_type=\"column\">\n\t\t\t<div class=\"elementor-column-wrap elementor-element-populated\">\n\t\t\t\t\t\t\t<div class=\"elementor-widget-wrap\">\n\t\t\t\t\t\t<div class=\"elementor-element elementor-element-5aaadac5 elementor-widget elementor-widget-heading\" data-id=\"5aaadac5\" data-element_type=\"widget\" data-widget_type=\"heading.default\">\n\t\t\t\t<div class=\"elementor-widget-container\">\n\t\t\t<h1 class=\"elementor-heading-title elementor-size-large\">Stellenanzeigen<\/h1>\t\t<\/div>\n\t\t\t\t<\/div>\n\t\t\t\t\t\t<\/div>\n\t\t\t\t\t<\/div>\n\t\t<\/div>\n\t\t\t\t\t\t\t\t<\/div>\n\t\t\t\t\t<\/div>\n\t\t<\/section>\n\t\t\t\t<section class=\"elementor-section elementor-top-section elementor-element elementor-element-4126867 elementor-section-boxed elementor-section-height-default elementor-section-height-default\" data-id=\"4126867\" data-element_type=\"section\">\n\t\t\t\t\t\t<div class=\"elementor-container elementor-column-gap-default\">\n\t\t\t\t\t\t\t<div class=\"elementor-row\">\n\t\t\t\t\t<div class=\"elementor-column elementor-col-66 elementor-top-column elementor-element elementor-element-8ca1e6f\" data-id=\"8ca1e6f\" data-element_type=\"column\">\n\t\t\t<div class=\"elementor-column-wrap elementor-element-populated\">\n\t\t\t\t\t\t\t<div class=\"elementor-widget-wrap\">\n\t\t\t\t\t\t<div class=\"elementor-element elementor-element-f6d86f2 elementor-widget elementor-widget-heading\" data-id=\"f6d86f2\" data-element_type=\"widget\" data-widget_type=\"heading.default\">\n\t\t\t\t<div class=\"elementor-widget-container\">\n\t\t\t<h2 class=\"elementor-heading-title elementor-size-default\">Stellenangebote<\/h2>\t\t<\/div>\n\t\t\t\t<\/div>\n\t\t\t\t<div class=\"elementor-element elementor-element-61a452c elementor-widget elementor-widget-text-editor\" data-id=\"61a452c\" data-element_type=\"widget\" data-widget_type=\"text-editor.default\">\n\t\t\t\t<div class=\"elementor-widget-container\">\n\t\t\t\t\t\t\t\t<div class=\"elementor-text-editor elementor-clearfix\">\n\t\t\t\t\t\t\t\t\t<\/div>\n\t\t\t\t\t\t<\/div>\n\t\t\t\t<\/div>\n\t\t\t\t<div class=\"elementor-element elementor-element-4a643d3 elementor-widget elementor-widget-text-editor\" data-id=\"4a643d3\" data-element_type=\"widget\" data-widget_type=\"text-editor.default\">\n\t\t\t\t<div class=\"elementor-widget-container\">\n\t\t\t\t\t\t\t\t<div class=\"elementor-text-editor elementor-clearfix\">\n\t\t\t\t<p>Als erfolgreiches Unternehmen sind wir in der angenehmen Situation, dass wir mehr Auftr\u00e4ge haben, als wir bearbeiten k\u00f6nnen. Deswegen suchen wir neue Mitarbeiterinnen oder Mitarbeiter, um unsere Kunden noch schneller zufrieden stellen zu k\u00f6nnen.<\/p>\n<p>Unten finden Sie unsere aktuellen Stellenangebote. Wenn Sie der Meinung sind, dass Sie unser Team auch in anderer Funktion verst\u00e4rken k\u00f6nnen, sind wir neugierig auf Sie und freuen uns auf Ihre Bewerbungsunterlagen, die Sie&nbsp;<span style=\"font-family: Roboto, sans-serif; font-size: 16px; font-style: normal; font-variant-caps: normal;\">gerne&nbsp;<\/span><span style=\"font-size: 16px;\">auch online an uns senden k\u00f6nnen.<\/span><\/p>\n<p><\/p>\n<p>Interessiert an einer Ausbildung? Lege den Grundstein f\u00fcr eine Karriere im Handwerk und melde dich einfach bei uns!<\/p>\t\t\t\t\t<\/div>\n\t\t\t\t\t\t<\/div>\n\t\t\t\t<\/div>\n\t\t\t\t\t\t<\/div>\n\t\t\t\t\t<\/div>\n\t\t<\/div>\n\t\t\t\t<div class=\"elementor-column elementor-col-33 elementor-top-column elementor-element elementor-element-d3a8210\" data-id=\"d3a8210\" data-element_type=\"column\">\n\t\t\t<div class=\"elementor-column-wrap elementor-element-populated\">\n\t\t\t\t\t\t\t<div class=\"elementor-widget-wrap\">\n\t\t\t\t\t\t<div class=\"elementor-element elementor-element-5dd5ea4 elementor-widget elementor-widget-image\" data-id=\"5dd5ea4\" data-element_type=\"widget\" data-widget_type=\"image.default\">\n\t\t\t\t<div class=\"elementor-widget-container\">\n\t\t\t\t\t\t\t\t<div class=\"elementor-image\">\n\t\t\t\t\t\t\t\t\t\t\t\t<img width=\"1024\" height=\"726\" src=\"https:\/\/stockmann-shk.de\/wp-content\/uploads\/2021\/01\/Handwerk_25060_1594054989_7121594055004_25060-1024x726.jpg\" class=\"attachment-large size-large\" alt=\"\" loading=\"lazy\" srcset=\"https:\/\/stockmann-shk.de\/wp-content\/uploads\/2021\/01\/Handwerk_25060_1594054989_7121594055004_25060-1024x726.jpg 1024w, https:\/\/stockmann-shk.de\/wp-content\/uploads\/2021\/01\/Handwerk_25060_1594054989_7121594055004_25060-300x213.jpg 300w, https:\/\/stockmann-shk.de\/wp-content\/uploads\/2021\/01\/Handwerk_25060_1594054989_7121594055004_25060-768x545.jpg 768w, https:\/\/stockmann-shk.de\/wp-content\/uploads\/2021\/01\/Handwerk_25060_1594054989_7121594055004_25060-1536x1089.jpg 1536w, https:\/\/stockmann-shk.de\/wp-content\/uploads\/2021\/01\/Handwerk_25060_1594054989_7121594055004_25060-2048x1452.jpg 2048w\" sizes=\"(max-width: 1024px) 100vw, 1024px\" \/>\t\t\t\t\t\t\t\t\t\t\t\t\t\t<\/div>\n\t\t\t\t\t\t<\/div>\n\t\t\t\t<\/div>\n\t\t\t\t\t\t<\/div>\n\t\t\t\t\t<\/div>\n\t\t<\/div>\n\t\t\t\t\t\t\t\t<\/div>\n\t\t\t\t\t<\/div>\n\t\t<\/section>\n\t\t\t\t<section class=\"elementor-section elementor-top-section elementor-element elementor-element-241bbc5 elementor-section-boxed elementor-section-height-default elementor-section-height-default\" data-id=\"241bbc5\" data-element_type=\"section\">\n\t\t\t\t\t\t<div class=\"elementor-container elementor-column-gap-default\">\n\t\t\t\t\t\t\t<div class=\"elementor-row\">\n\t\t\t\t\t<div class=\"elementor-column elementor-col-100 elementor-top-column elementor-element elementor-element-1ff8138\" data-id=\"1ff8138\" data-element_type=\"column\">\n\t\t\t<div class=\"elementor-column-wrap elementor-element-populated\">\n\t\t\t\t\t\t\t<div class=\"elementor-widget-wrap\">\n\t\t\t\t\t\t<div class=\"elementor-element elementor-element-984d78d elementor-widget elementor-widget-heading\" data-id=\"984d78d\" data-element_type=\"widget\" data-widget_type=\"heading.default\">\n\t\t\t\t<div class=\"elementor-widget-container\">\n\t\t\t<h2 class=\"elementor-heading-title elementor-size-default\">Offene Stellen<\/h2>\t\t<\/div>\n\t\t\t\t<\/div>\n\t\t\t\t<div class=\"elementor-element elementor-element-65d0ea5 elementor-widget elementor-widget-toggle\" data-id=\"65d0ea5\" data-element_type=\"widget\" data-widget_type=\"toggle.default\">\n\t\t\t\t<div class=\"elementor-widget-container\">\n\t\t\t\t\t<div class=\"elementor-toggle\" role=\"tablist\">\n\t\t\t\t\t\t\t<div class=\"elementor-toggle-item\">\n\t\t\t\t\t<div id=\"elementor-tab-title-1061\" class=\"elementor-tab-title\" data-tab=\"1\" role=\"tab\" aria-controls=\"elementor-tab-content-1061\" aria-expanded=\"false\">\n\t\t\t\t\t\t\t\t\t\t\t\t<span class=\"elementor-toggle-icon elementor-toggle-icon-left\" aria-hidden=\"true\">\n\t\t\t\t\t\t\t\t\t\t\t\t\t\t\t<span class=\"elementor-toggle-icon-closed\"><i class=\"fas fa-caret-right\"><\/i><\/span>\n\t\t\t\t\t\t\t\t<span class=\"elementor-toggle-icon-opened\"><i class=\"elementor-toggle-icon-opened fas fa-caret-up\"><\/i><\/span>\n\t\t\t\t\t\t\t\t\t\t\t\t\t<\/span>\n\t\t\t\t\t\t\t\t\t\t\t\t<a href=\"\" class=\"elementor-toggle-title\">Anlagenmechaniker f\u00fcr Sanit\u00e4r- Heizungs- und Klimatechnik<\/a>\n\t\t\t\t\t<\/div>\n\n\t\t\t\t\t<div id=\"elementor-tab-content-1061\" class=\"elementor-tab-content elementor-clearfix\" data-tab=\"1\" role=\"tabpanel\" aria-labelledby=\"elementor-tab-title-1061\"><p>Ihre Aufgaben:<\/p><ul><li>Erstellung und Erneuerung von Heizungsanlagen und B\u00e4dern<\/li><li>Installationen in Neu- und Altbauten<\/li><li>Anleiten von Auszubildenden und F\u00f6rderung zum selbst\u00e4ndigen Ausf\u00fchren von Projektarbeiten<\/li><\/ul><p>und Kundenauftr\u00e4gen.<br \/>__________________________________________________________________________________________________<\/p><p>Wen suchen wir:<\/p><ul><li>Sie besitzen eine erfolgreich abgeschlossene Ausbildung zum Anlagenmechaniker f\u00fcr Sanit\u00e4r-, Heizungs- und Klimatechnik oder eine vergleichbare Ausbildung<\/li><li>Sie besitzen eine g\u00fcltige Fahrerlaubnis der F\u00fchrerscheinklasse B<\/li><li>Sie \u00fcbernehmen gerne Verantwortung<\/li><li>Sie treten freundlich und sicher auf<\/li><li>Sie sind ordentlich, pflichtbewusst und zuverl\u00e4ssig<\/li><\/ul><p>__________________________________________________________________________________________________<\/p><p>Was bieten wir?<\/p><ul><li>P\u00fcnktliche und korrekte Bezahlung Ihrer Leistung (inkl. Urlaubsgeld und Weihnachtsgeld)<\/li><li>Flache Hierarchien<\/li><li>Firmenhandy<\/li><li>Regelm\u00e4\u00dfige Schulungen in Ihrem T\u00e4tigkeitsfeld<\/li><li>Entlohnung nach Tarif<\/li><\/ul><\/div>\n\t\t\t\t<\/div>\n\t\t\t\t\t\t\t\t<\/div>\n\t\t\t\t<\/div>\n\t\t\t\t<\/div>\n\t\t\t\t\t\t<\/div>\n\t\t\t\t\t<\/div>\n\t\t<\/div>\n\t\t\t\t\t\t\t\t<\/div>\n\t\t\t\t\t<\/div>\n\t\t<\/section>\n\t\t\t\t\t\t<\/div>\n\t\t\t\t\t\t<\/div>\n\t\t\t\t\t<\/div>\n\t\t","protected":false},"excerpt":{"rendered":"<p>Stellenanzeigen Stellenangebote Als erfolgreiches Unternehmen sind wir in der angenehmen Situation, dass wir mehr Auftr\u00e4ge haben, als wir bearbeiten k\u00f6nnen. Deswegen suchen wir neue Mitarbeiterinnen oder Mitarbeiter, um unsere Kunden noch schneller zufrieden stellen zu k\u00f6nnen. Unten finden Sie unsere aktuellen Stellenangebote. Wenn Sie der Meinung sind, dass Sie unser Team auch in anderer Funktion [&hellip;]<\/p>\n","protected":false},"author":1,"featured_media":0,"parent":0,"menu_order":0,"comment_status":"closed","ping_status":"closed","template":"","meta":[],"_links":{"self":[{"href":"https:\/\/stockmann-shk.de\/index.php\/wp-json\/wp\/v2\/pages\/247"}],"collection":[{"href":"https:\/\/stockmann-shk.de\/index.php\/wp-json\/wp\/v2\/pages"}],"about":[{"href":"https:\/\/stockmann-shk.de\/index.php\/wp-json\/wp\/v2\/types\/page"}],"author":[{"embeddable":true,"href":"https:\/\/stockmann-shk.de\/index.php\/wp-json\/wp\/v2\/users\/1"}],"replies":[{"embeddable":true,"href":"https:\/\/stockmann-shk.de\/index.php\/wp-json\/wp\/v2\/comments?post=247"}],"version-history":[{"count":15,"href":"https:\/\/stockmann-shk.de\/index.php\/wp-json\/wp\/v2\/pages\/247\/revisions"}],"predecessor-version":[{"id":523,"href":"https:\/\/stockmann-shk.de\/index.php\/wp-json\/wp\/v2\/pages\/247\/revisions\/523"}],"wp:attachment":[{"href":"https:\/\/stockmann-shk.de\/index.php\/wp-json\/wp\/v2\/media?parent=247"}],"curies":[{"name":"wp","href":"https:\/\/api.w.org\/{rel}","templated":true}]}}