{"id":147,"date":"2020-08-22T11:39:13","date_gmt":"2020-08-22T11:39:13","guid":{"rendered":"https:\/\/stockmann-shk.de\/?page_id=147"},"modified":"2021-06-01T17:18:11","modified_gmt":"2021-06-01T17:18:11","slug":"lueftungstechnik","status":"publish","type":"page","link":"https:\/\/stockmann-shk.de\/index.php\/lueftungstechnik\/","title":{"rendered":"L\u00fcftungstechnik"},"content":{"rendered":"\t\t<div data-elementor-type=\"wp-page\" data-elementor-id=\"147\" class=\"elementor elementor-147\" data-elementor-settings=\"[]\">\n\t\t\t\t\t\t<div class=\"elementor-inner\">\n\t\t\t\t\t\t\t<div class=\"elementor-section-wrap\">\n\t\t\t\t\t\t\t<section class=\"elementor-section elementor-top-section elementor-element elementor-element-248b5481 elementor-section-stretched elementor-section-full_width elementor-section-height-min-height elementor-section-height-default elementor-section-items-middle\" data-id=\"248b5481\" data-element_type=\"section\" data-settings=\"{&quot;background_background&quot;:&quot;classic&quot;,&quot;stretch_section&quot;:&quot;section-stretched&quot;}\">\n\t\t\t\t\t\t\t<div class=\"elementor-background-overlay\"><\/div>\n\t\t\t\t\t\t\t<div class=\"elementor-container elementor-column-gap-default\">\n\t\t\t\t\t\t\t<div class=\"elementor-row\">\n\t\t\t\t\t<div class=\"elementor-column elementor-col-100 elementor-top-column elementor-element elementor-element-7f44523d\" data-id=\"7f44523d\" data-element_type=\"column\">\n\t\t\t<div class=\"elementor-column-wrap elementor-element-populated\">\n\t\t\t\t\t\t\t<div class=\"elementor-widget-wrap\">\n\t\t\t\t\t\t<div class=\"elementor-element elementor-element-5aaadac5 elementor-widget elementor-widget-heading\" data-id=\"5aaadac5\" data-element_type=\"widget\" data-widget_type=\"heading.default\">\n\t\t\t\t<div class=\"elementor-widget-container\">\n\t\t\t<h1 class=\"elementor-heading-title elementor-size-large\">Wohnungsl\u00fcftungs - Systeme<\/h1>\t\t<\/div>\n\t\t\t\t<\/div>\n\t\t\t\t<div class=\"elementor-element elementor-element-0a46540 elementor-widget elementor-widget-heading\" data-id=\"0a46540\" data-element_type=\"widget\" data-widget_type=\"heading.default\">\n\t\t\t\t<div class=\"elementor-widget-container\">\n\t\t\t<h1 class=\"elementor-heading-title elementor-size-default\">Behagliches Raumklima<\/h1>\t\t<\/div>\n\t\t\t\t<\/div>\n\t\t\t\t\t\t<\/div>\n\t\t\t\t\t<\/div>\n\t\t<\/div>\n\t\t\t\t\t\t\t\t<\/div>\n\t\t\t\t\t<\/div>\n\t\t<\/section>\n\t\t\t\t<section class=\"elementor-section elementor-top-section elementor-element elementor-element-12de2eb elementor-section-boxed elementor-section-height-default elementor-section-height-default\" data-id=\"12de2eb\" data-element_type=\"section\">\n\t\t\t\t\t\t<div class=\"elementor-container elementor-column-gap-default\">\n\t\t\t\t\t\t\t<div class=\"elementor-row\">\n\t\t\t\t\t<div class=\"elementor-column elementor-col-100 elementor-top-column elementor-element elementor-element-8021b16\" data-id=\"8021b16\" data-element_type=\"column\">\n\t\t\t<div class=\"elementor-column-wrap elementor-element-populated\">\n\t\t\t\t\t\t\t<div class=\"elementor-widget-wrap\">\n\t\t\t\t\t\t<div class=\"elementor-element elementor-element-248124d elementor-widget__width-initial elementor-widget elementor-widget-image-gallery\" data-id=\"248124d\" data-element_type=\"widget\" data-widget_type=\"image-gallery.default\">\n\t\t\t\t<div class=\"elementor-widget-container\">\n\t\t\t\t\t<div class=\"elementor-image-gallery\">\n\t\t\t<div id='gallery-1' class='gallery galleryid-147 gallery-columns-2 gallery-size-thumbnail'><figure class='gallery-item'>\n\t\t\t<div class='gallery-icon landscape'>\n\t\t\t\t<a data-elementor-open-lightbox=\"yes\" data-elementor-lightbox-slideshow=\"248124d\" data-elementor-lightbox-title=\"L\u00fcftung Anst\u00f6tz 6\" e-action-hash=\"#elementor-action%3Aaction%3Dlightbox%26settings%3DeyJpZCI6NDk0LCJ1cmwiOiJodHRwczpcL1wvc3RvY2ttYW5uLXNoay5kZVwvd3AtY29udGVudFwvdXBsb2Fkc1wvMjAyMVwvMDZcL0x1ZWZ0dW5nLUFuc3RvZXR6LTYtc2NhbGVkLmpwZyIsInNsaWRlc2hvdyI6IjI0ODEyNGQifQ%3D%3D\" href='https:\/\/stockmann-shk.de\/wp-content\/uploads\/2021\/06\/Lueftung-Anstoetz-6-scaled.jpg'><img width=\"150\" height=\"150\" src=\"https:\/\/stockmann-shk.de\/wp-content\/uploads\/2021\/06\/Lueftung-Anstoetz-6-150x150.jpg\" class=\"attachment-thumbnail size-thumbnail\" alt=\"\" loading=\"lazy\" \/><\/a>\n\t\t\t<\/div><\/figure><figure class='gallery-item'>\n\t\t\t<div class='gallery-icon landscape'>\n\t\t\t\t<a data-elementor-open-lightbox=\"yes\" data-elementor-lightbox-slideshow=\"248124d\" data-elementor-lightbox-title=\"L\u00fcftung Anst\u00f6tz\" e-action-hash=\"#elementor-action%3Aaction%3Dlightbox%26settings%3DeyJpZCI6NDk1LCJ1cmwiOiJodHRwczpcL1wvc3RvY2ttYW5uLXNoay5kZVwvd3AtY29udGVudFwvdXBsb2Fkc1wvMjAyMVwvMDZcL0x1ZWZ0dW5nLUFuc3RvZXR6LXNjYWxlZC5qcGciLCJzbGlkZXNob3ciOiIyNDgxMjRkIn0%3D\" href='https:\/\/stockmann-shk.de\/wp-content\/uploads\/2021\/06\/Lueftung-Anstoetz-scaled.jpg'><img width=\"150\" height=\"150\" src=\"https:\/\/stockmann-shk.de\/wp-content\/uploads\/2021\/06\/Lueftung-Anstoetz-150x150.jpg\" class=\"attachment-thumbnail size-thumbnail\" alt=\"\" loading=\"lazy\" \/><\/a>\n\t\t\t<\/div><\/figure><figure class='gallery-item'>\n\t\t\t<div class='gallery-icon landscape'>\n\t\t\t\t<a data-elementor-open-lightbox=\"yes\" data-elementor-lightbox-slideshow=\"248124d\" data-elementor-lightbox-title=\"L\u00fcftung Anst\u00f6tz 2\" e-action-hash=\"#elementor-action%3Aaction%3Dlightbox%26settings%3DeyJpZCI6NDkxLCJ1cmwiOiJodHRwczpcL1wvc3RvY2ttYW5uLXNoay5kZVwvd3AtY29udGVudFwvdXBsb2Fkc1wvMjAyMVwvMDZcL0x1ZWZ0dW5nLUFuc3RvZXR6LTItc2NhbGVkLmpwZyIsInNsaWRlc2hvdyI6IjI0ODEyNGQifQ%3D%3D\" href='https:\/\/stockmann-shk.de\/wp-content\/uploads\/2021\/06\/Lueftung-Anstoetz-2-scaled.jpg'><img width=\"150\" height=\"150\" src=\"https:\/\/stockmann-shk.de\/wp-content\/uploads\/2021\/06\/Lueftung-Anstoetz-2-150x150.jpg\" class=\"attachment-thumbnail size-thumbnail\" alt=\"\" loading=\"lazy\" \/><\/a>\n\t\t\t<\/div><\/figure><figure class='gallery-item'>\n\t\t\t<div class='gallery-icon landscape'>\n\t\t\t\t<a data-elementor-open-lightbox=\"yes\" data-elementor-lightbox-slideshow=\"248124d\" data-elementor-lightbox-title=\"L\u00fcftung Anst\u00f6tz 5\" e-action-hash=\"#elementor-action%3Aaction%3Dlightbox%26settings%3DeyJpZCI6NDkzLCJ1cmwiOiJodHRwczpcL1wvc3RvY2ttYW5uLXNoay5kZVwvd3AtY29udGVudFwvdXBsb2Fkc1wvMjAyMVwvMDZcL0x1ZWZ0dW5nLUFuc3RvZXR6LTUtc2NhbGVkLmpwZyIsInNsaWRlc2hvdyI6IjI0ODEyNGQifQ%3D%3D\" href='https:\/\/stockmann-shk.de\/wp-content\/uploads\/2021\/06\/Lueftung-Anstoetz-5-scaled.jpg'><img width=\"150\" height=\"150\" src=\"https:\/\/stockmann-shk.de\/wp-content\/uploads\/2021\/06\/Lueftung-Anstoetz-5-150x150.jpg\" class=\"attachment-thumbnail size-thumbnail\" alt=\"\" loading=\"lazy\" \/><\/a>\n\t\t\t<\/div><\/figure><figure class='gallery-item'>\n\t\t\t<div class='gallery-icon landscape'>\n\t\t\t\t<a data-elementor-open-lightbox=\"yes\" data-elementor-lightbox-slideshow=\"248124d\" data-elementor-lightbox-title=\"L\u00fcftung Anst\u00f6tz 4\" e-action-hash=\"#elementor-action%3Aaction%3Dlightbox%26settings%3DeyJpZCI6NDkyLCJ1cmwiOiJodHRwczpcL1wvc3RvY2ttYW5uLXNoay5kZVwvd3AtY29udGVudFwvdXBsb2Fkc1wvMjAyMVwvMDZcL0x1ZWZ0dW5nLUFuc3RvZXR6LTQtc2NhbGVkLmpwZyIsInNsaWRlc2hvdyI6IjI0ODEyNGQifQ%3D%3D\" href='https:\/\/stockmann-shk.de\/wp-content\/uploads\/2021\/06\/Lueftung-Anstoetz-4-scaled.jpg'><img width=\"150\" height=\"150\" src=\"https:\/\/stockmann-shk.de\/wp-content\/uploads\/2021\/06\/Lueftung-Anstoetz-4-150x150.jpg\" class=\"attachment-thumbnail size-thumbnail\" alt=\"\" loading=\"lazy\" \/><\/a>\n\t\t\t<\/div><\/figure>\n\t\t<\/div>\n\t\t<\/div>\n\t\t\t\t<\/div>\n\t\t\t\t<\/div>\n\t\t\t\t<div class=\"elementor-element elementor-element-04f7287 elementor-widget__width-initial elementor-widget elementor-widget-text-editor\" data-id=\"04f7287\" data-element_type=\"widget\" data-widget_type=\"text-editor.default\">\n\t\t\t\t<div class=\"elementor-widget-container\">\n\t\t\t\t\t\t\t\t<div class=\"elementor-text-editor elementor-clearfix\">\n\t\t\t\t<p>In den vergangenen Jahren haben strengere Bauvorschriften dazu gef\u00fchrt, dass nachhaltig Energie eingespart wird. So liegt der j\u00e4hrliche W\u00e4rmebedarf eines Einfamilienhauses im Bestand bei ca. 200 kWh\/m<sup>2<\/sup>. Bei einem vergleichbaren Neubau, der nach der Energieeinsparverordnung errichtet wurde ist dies lediglich noch etwa ein Viertel. Durch den Einsatz neuer Bau- und D\u00e4mmstoffmaterialien kann ein Mindestluftwechsel im Geb\u00e4ude oft nicht mehr eingehalten werden. F\u00fcr Gesundheit und Wohlbefinden sowie zum Schutz der Bausubstanz ist ein ausreichender Luftwechsel zwingend erforderlich.<\/p><p>Die L\u00f6sung daf\u00fcr bietet ein Wohnungsl\u00fcftungs-System:<\/p><ul><li>Es stellt den notwendigen Luftwechsel her,<\/li><li>Es reguliert die vorhandene Luftfeuchtigkeit in den R\u00e4umen,<\/li><li>Es verhindert Schimmelbildung,<\/li><li>Verbrauchte Luft wird gegen frische, gefilterte Au\u00dfenluft ausgetauscht,<\/li><li>Stra\u00dfenl\u00e4rm bleibt drau\u00dfen und<\/li><li>Fenster m\u00fcssen lediglich zum Putzen ge\u00f6ffnet werden. Dies erh\u00f6ht zus\u00e4tzlich die Sicherheit gegen Einbr\u00fcche.<\/li><\/ul><p>Allergiker k\u00f6nnen aufatmen. Die L\u00fcftungsanlage kann mit effektiven Pollenfiltern ausgestattet werden, sodass die Betroffenen weniger unter allergischen Reaktionen leiden und trotzdem frische Luft atmen.<\/p><p>Diese Anlagen kommen vor allem bei Neubauten aber auch bei Geb\u00e4udesanierungen zum Einsatz.<\/p><p>Zudem arbeiten L\u00fcftungsanlagen besonders effizient. Aus der Abluft der R\u00e4ume kann 98% der W\u00e4rmeenergie entzogen werden und der frischen Zuluft zugegeben werden. Dies f\u00f6rdert die Behaglichkeit und schont das Haushaltsbudget.<\/p><p>Schalld\u00e4mpfer sichern zudem einen leisen Anlagenbetrieb.<\/p><p>Kontrollierte L\u00fcftungsanlagen sorgen f\u00fcr gleichbleibende Raumluftqualit\u00e4t zu jeder Zeit. Es gibt verschiedene Systeme und Einsatzbereiche f\u00fcr die jeweiligen Anlagentypen. Zusammen mit uns finden Sie die richtige L\u00f6sung f\u00fcr Ihr Eigenheim. Sprechen Sie uns gerne an!<\/p>\t\t\t\t\t<\/div>\n\t\t\t\t\t\t<\/div>\n\t\t\t\t<\/div>\n\t\t\t\t\t\t<\/div>\n\t\t\t\t\t<\/div>\n\t\t<\/div>\n\t\t\t\t\t\t\t\t<\/div>\n\t\t\t\t\t<\/div>\n\t\t<\/section>\n\t\t\t\t\t\t<\/div>\n\t\t\t\t\t\t<\/div>\n\t\t\t\t\t<\/div>\n\t\t","protected":false},"excerpt":{"rendered":"<p>Wohnungsl\u00fcftungs &#8211; Systeme Behagliches Raumklima In den vergangenen Jahren haben strengere Bauvorschriften dazu gef\u00fchrt, dass nachhaltig Energie eingespart wird. So liegt der j\u00e4hrliche W\u00e4rmebedarf eines Einfamilienhauses im Bestand bei ca. 200 kWh\/m2. Bei einem vergleichbaren Neubau, der nach der Energieeinsparverordnung errichtet wurde ist dies lediglich noch etwa ein Viertel. Durch den Einsatz neuer Bau- und [&hellip;]<\/p>\n","protected":false},"author":1,"featured_media":0,"parent":0,"menu_order":0,"comment_status":"closed","ping_status":"closed","template":"","meta":[],"_links":{"self":[{"href":"https:\/\/stockmann-shk.de\/index.php\/wp-json\/wp\/v2\/pages\/147"}],"collection":[{"href":"https:\/\/stockmann-shk.de\/index.php\/wp-json\/wp\/v2\/pages"}],"about":[{"href":"https:\/\/stockmann-shk.de\/index.php\/wp-json\/wp\/v2\/types\/page"}],"author":[{"embeddable":true,"href":"https:\/\/stockmann-shk.de\/index.php\/wp-json\/wp\/v2\/users\/1"}],"replies":[{"embeddable":true,"href":"https:\/\/stockmann-shk.de\/index.php\/wp-json\/wp\/v2\/comments?post=147"}],"version-history":[{"count":10,"href":"https:\/\/stockmann-shk.de\/index.php\/wp-json\/wp\/v2\/pages\/147\/revisions"}],"predecessor-version":[{"id":498,"href":"https:\/\/stockmann-shk.de\/index.php\/wp-json\/wp\/v2\/pages\/147\/revisions\/498"}],"wp:attachment":[{"href":"https:\/\/stockmann-shk.de\/index.php\/wp-json\/wp\/v2\/media?parent=147"}],"curies":[{"name":"wp","href":"https:\/\/api.w.org\/{rel}","templated":true}]}}